{"id":58,"date":"2017-01-23T11:48:10","date_gmt":"2017-01-23T11:48:10","guid":{"rendered":"http:\/\/dummy.xtemos.com\/basel\/?post_type=product&#038;p=58"},"modified":"2026-04-09T17:34:30","modified_gmt":"2026-04-09T15:34:30","slug":"luxury-white-strass-bikini","status":"publish","type":"product","link":"https:\/\/dreamcolorsworld.com\/index.php\/produit\/luxury-white-strass-bikini\/","title":{"rendered":"Luxury White Strass Bikini"},"content":{"rendered":"<section class=\"wpb-content-wrapper\"><p>[vc_row css=\u00a0\u00bb.vc_custom_1484995996513{margin-bottom: 10px !important;}\u00a0\u00bb][vc_column width=\u00a0\u00bb1\/2&Prime; css=\u00a0\u00bb.vc_custom_1485002235607{margin-bottom: 25px !important;}\u00a0\u00bb]<div class=\"title-wrapper  basel-title-color-default basel-title-style-default basel-title-size-small text-left \"><div class=\"liner-continer\"> <span class=\"left-line\"><\/span> <h4 class=\"title\" ><strong>MUS ADIPISCING NISL<\/strong><span class=\"title-separator\"><span><\/span><\/span><\/h4> <span class=\"right-line\"><\/span> <\/div><\/div>[vc_column_text]Condimentum mi curae adipiscing a viverra id vel curae nec parturient elementum pharetra ante a orci a ad praesent himenaeos ultrices conubia a maecenas.A nisi elementum fringilla sodales suspendisse at accumsan dictum vestibulum parturient condimentum condimentum augue.<\/p>\n<p>Dui parturient ullamcorper a aptent sociosqu nisl a fringilla vestibulum adipiscing cras convallis pretium parturient senectus ridiculus nullam suspendisse ullamcorper vestibulum at quis dolor et a ullamcorper malesuada integer.Fusce urna parturient parturient eleifend ridiculus a morbi mattis.[\/vc_column_text]<div class=\"title-wrapper  basel-title-color-default basel-title-style-default basel-title-size-small text-left \"><div class=\"liner-continer\"> <span class=\"left-line\"><\/span> <h4 class=\"title\" ><strong>MUS ADIPISCING NISL<\/strong><span class=\"title-separator\"><span><\/span><\/span><\/h4> <span class=\"right-line\"><\/span> <\/div><\/div>[vc_column_text]A nisi elementum fringilla sodales suspendisse at accumsan dictum vestibulum parturient condimentum condimentum a ullamcorper malesuada integer.[\/vc_column_text][\/vc_column][vc_column width=\u00a0\u00bb1\/2&Prime;]<div class=\"title-wrapper  basel-title-color-default basel-title-style-default basel-title-size-small text-left \"><div class=\"liner-continer\"> <span class=\"left-line\"><\/span> <h4 class=\"title\" ><strong>SHOP THE LOOK<\/strong><span class=\"title-separator\"><span><\/span><\/span><\/h4> <span class=\"right-line\"><\/span> <\/div><\/div>\t\t\t\t\n\t\t\t\t<div id=\"carousel-253\" class=\"vc_carousel_container \" data-owl-carousel data-hide_prev_next_buttons=\"yes\" data-desktop=\"2\" data-desktop_small=\"1\" data-tablet=\"1\" data-mobile=\"2\">\n\t\t\t\t\t<div class=\"owl-carousel product-items \">\n\n\t\t\t\t\t\t\t\t\t<div class=\"product-item owl-carousel-item\">\n\t\t\t\t<div class=\"owl-carousel-item-inner\">\n\n\t\t\t\t\t\t\t\t\t\t\t\t\t\t\t\t\t\t<div class=\"product-grid-item basel-hover-info product product-in-carousel post-0 post type-post status-publish format-standard has-post-thumbnail hentry\" data-loop=\"1\" data-id=\"69\">\n\n\t\t<div class=\"product-element-top\">\n\t<a href=\"https:\/\/dreamcolorsworld.com\/index.php\/produit\/pink-skirt\/\">\n\t\t<img loading=\"lazy\" decoding=\"async\" width=\"300\" height=\"300\" src=\"https:\/\/dreamcolorsworld.com\/wp-content\/uploads\/2017\/01\/WHITE-PINK-300x300.jpg\" class=\"attachment-woocommerce_thumbnail size-woocommerce_thumbnail\" alt=\"\" srcset=\"https:\/\/dreamcolorsworld.com\/wp-content\/uploads\/2017\/01\/WHITE-PINK-300x300.jpg 300w, https:\/\/dreamcolorsworld.com\/wp-content\/uploads\/2017\/01\/WHITE-PINK-150x150.jpg 150w, https:\/\/dreamcolorsworld.com\/wp-content\/uploads\/2017\/01\/WHITE-PINK-768x768.jpg 768w, https:\/\/dreamcolorsworld.com\/wp-content\/uploads\/2017\/01\/WHITE-PINK-600x600.jpg 600w, https:\/\/dreamcolorsworld.com\/wp-content\/uploads\/2017\/01\/WHITE-PINK-100x100.jpg 100w, https:\/\/dreamcolorsworld.com\/wp-content\/uploads\/2017\/01\/WHITE-PINK.jpg 1000w\" sizes=\"auto, (max-width: 300px) 100vw, 300px\" \/>\t<\/a>\n\n\t<div class=\"hover-mask\">\n\t\t<h3 class=\"product-title\"><a href=\"https:\/\/dreamcolorsworld.com\/index.php\/produit\/pink-skirt\/\">Pink skirt<\/a><\/h3>\t\t\n\t\t\t\t\n\t\t\n\t<span class=\"price\"><span class=\"woocommerce-Price-amount amount\"><bdi><span class=\"woocommerce-Price-currencySymbol\">&#36;<\/span>35.00<\/bdi><\/span><\/span>\n\n\t\t\t\t<div class=\"product-actions\">\n\t\t\t<a href=\"\/index.php\/wp-json\/wp\/v2\/product\/58?add-to-cart=69\" aria-describedby=\"woocommerce_loop_add_to_cart_link_describedby_69\" data-quantity=\"1\" class=\"button product_type_simple add_to_cart_button ajax_add_to_cart\" data-product_id=\"69\" data-product_sku=\"\" aria-label=\"Ajouter au panier\u00a0: &ldquo;Pink skirt&rdquo;\" rel=\"nofollow\" data-success_message=\"\u00ab\u00a0Pink skirt\u00a0\u00bb a \u00e9t\u00e9 ajout\u00e9 \u00e0 votre panier\" role=\"button\">Ajouter au panier<\/a>\t<span id=\"woocommerce_loop_add_to_cart_link_describedby_69\" class=\"screen-reader-text\">\n\t\t\t<\/span>\n\t\t<\/div>\n\t<\/div> \n\t<div class=\"basel-buttons\">\n\t\t\t\t\t<div class=\"basel-wishlist-btn\">\n\t\t\t\t<a class=\"button basel-tooltip\" href=\"https:\/\/dreamcolorsworld.com\/index.php\/wishlist\/\" data-key=\"99b40937e9\" data-product-id=\"69\" data-added-text=\"Browse Wishlist\">Add to wishlist<\/a>\n\t\t\t<\/div>\n\t\t\t\t<div class=\"basel-compare-btn product-compare-button\"><a class=\"button\" href=\"https:\/\/dreamcolorsworld.com\/index.php\/compare\/\" data-added-text=\"Compare products\" data-id=\"69\">Compare<\/a><\/div>\t\t\t\t\t<div class=\"quick-view\">\n\t\t\t\t<a \n\t\t\t\t\thref=\"https:\/\/dreamcolorsworld.com\/index.php\/produit\/pink-skirt\/\" \n\t\t\t\t\tclass=\"open-quick-view quick-view-button\"\n\t\t\t\t\tdata-id=\"69\">Quick View<\/a>\n\t\t\t<\/div>\n\t\t\t<\/div>\n<\/div>\n\t<\/div>\n\t\t\t\t\t\n\t\t\t\t<\/div>\n\t\t\t<\/div>\n\t\t\t\t\t<div class=\"product-item owl-carousel-item\">\n\t\t\t\t<div class=\"owl-carousel-item-inner\">\n\n\t\t\t\t\t\t\t\t\t\t\t\t\t\t\t\t\t\t<div class=\"product-grid-item basel-hover-info product product-in-carousel post-0 post type-post status-publish format-standard has-post-thumbnail hentry\" data-loop=\"2\" data-id=\"59\">\n\n\t\t<div class=\"product-element-top\">\n\t<a href=\"https:\/\/dreamcolorsworld.com\/index.php\/produit\/orange-bikini\/\">\n\t\t<img loading=\"lazy\" decoding=\"async\" width=\"300\" height=\"300\" src=\"https:\/\/dreamcolorsworld.com\/wp-content\/uploads\/2017\/01\/orange-bikini-300x300.jpg\" class=\"attachment-woocommerce_thumbnail size-woocommerce_thumbnail\" alt=\"\" srcset=\"https:\/\/dreamcolorsworld.com\/wp-content\/uploads\/2017\/01\/orange-bikini-300x300.jpg 300w, https:\/\/dreamcolorsworld.com\/wp-content\/uploads\/2017\/01\/orange-bikini-150x150.jpg 150w, https:\/\/dreamcolorsworld.com\/wp-content\/uploads\/2017\/01\/orange-bikini-768x768.jpg 768w, https:\/\/dreamcolorsworld.com\/wp-content\/uploads\/2017\/01\/orange-bikini-600x600.jpg 600w, https:\/\/dreamcolorsworld.com\/wp-content\/uploads\/2017\/01\/orange-bikini-100x100.jpg 100w, https:\/\/dreamcolorsworld.com\/wp-content\/uploads\/2017\/01\/orange-bikini.jpg 1000w\" sizes=\"auto, (max-width: 300px) 100vw, 300px\" \/>\t<\/a>\n\n\t<div class=\"hover-mask\">\n\t\t<h3 class=\"product-title\"><a href=\"https:\/\/dreamcolorsworld.com\/index.php\/produit\/orange-bikini\/\">Orange Bikini<\/a><\/h3>\t\t\n\t\t\t\t\n\t\t\n\t<span class=\"price\"><span class=\"woocommerce-Price-amount amount\"><bdi><span class=\"woocommerce-Price-currencySymbol\">&#36;<\/span>59.00<\/bdi><\/span><\/span>\n\n\t\t\t\t<div class=\"product-actions\">\n\t\t\t<a href=\"\/index.php\/wp-json\/wp\/v2\/product\/58?add-to-cart=59\" aria-describedby=\"woocommerce_loop_add_to_cart_link_describedby_59\" data-quantity=\"1\" class=\"button product_type_simple add_to_cart_button ajax_add_to_cart\" data-product_id=\"59\" data-product_sku=\"\" aria-label=\"Ajouter au panier\u00a0: &ldquo;Orange Bikini&rdquo;\" rel=\"nofollow\" data-success_message=\"\u00ab\u00a0Orange Bikini\u00a0\u00bb a \u00e9t\u00e9 ajout\u00e9 \u00e0 votre panier\" role=\"button\">Ajouter au panier<\/a>\t<span id=\"woocommerce_loop_add_to_cart_link_describedby_59\" class=\"screen-reader-text\">\n\t\t\t<\/span>\n\t\t<\/div>\n\t<\/div> \n\t<div class=\"basel-buttons\">\n\t\t\t\t\t<div class=\"basel-wishlist-btn\">\n\t\t\t\t<a class=\"button basel-tooltip\" href=\"https:\/\/dreamcolorsworld.com\/index.php\/wishlist\/\" data-key=\"99b40937e9\" data-product-id=\"59\" data-added-text=\"Browse Wishlist\">Add to wishlist<\/a>\n\t\t\t<\/div>\n\t\t\t\t<div class=\"basel-compare-btn product-compare-button\"><a class=\"button\" href=\"https:\/\/dreamcolorsworld.com\/index.php\/compare\/\" data-added-text=\"Compare products\" data-id=\"59\">Compare<\/a><\/div>\t\t\t\t\t<div class=\"quick-view\">\n\t\t\t\t<a \n\t\t\t\t\thref=\"https:\/\/dreamcolorsworld.com\/index.php\/produit\/orange-bikini\/\" \n\t\t\t\t\tclass=\"open-quick-view quick-view-button\"\n\t\t\t\t\tdata-id=\"59\">Quick View<\/a>\n\t\t\t<\/div>\n\t\t\t<\/div>\n<\/div>\n\t<\/div>\n\t\t\t\t\t\n\t\t\t\t<\/div>\n\t\t\t<\/div>\n\t\t\t\t\t<div class=\"product-item owl-carousel-item\">\n\t\t\t\t<div class=\"owl-carousel-item-inner\">\n\n\t\t\t\t\t\t\t\t\t\t\t\t\t\t\t\t\t\t<div class=\"product-grid-item basel-hover-info product product-in-carousel post-0 post type-post status-publish format-standard has-post-thumbnail hentry\" data-loop=\"3\" data-id=\"58\">\n\n\t\t<div class=\"product-element-top\">\n\t<a href=\"https:\/\/dreamcolorsworld.com\/index.php\/produit\/luxury-white-strass-bikini\/\">\n\t\t<img loading=\"lazy\" decoding=\"async\" width=\"300\" height=\"300\" src=\"https:\/\/dreamcolorsworld.com\/wp-content\/uploads\/2017\/01\/Whike-bikini-300x300.jpg\" class=\"attachment-woocommerce_thumbnail size-woocommerce_thumbnail\" alt=\"\" srcset=\"https:\/\/dreamcolorsworld.com\/wp-content\/uploads\/2017\/01\/Whike-bikini-300x300.jpg 300w, https:\/\/dreamcolorsworld.com\/wp-content\/uploads\/2017\/01\/Whike-bikini-150x150.jpg 150w, https:\/\/dreamcolorsworld.com\/wp-content\/uploads\/2017\/01\/Whike-bikini-768x768.jpg 768w, https:\/\/dreamcolorsworld.com\/wp-content\/uploads\/2017\/01\/Whike-bikini-600x600.jpg 600w, https:\/\/dreamcolorsworld.com\/wp-content\/uploads\/2017\/01\/Whike-bikini-100x100.jpg 100w, https:\/\/dreamcolorsworld.com\/wp-content\/uploads\/2017\/01\/Whike-bikini.jpg 1000w\" sizes=\"auto, (max-width: 300px) 100vw, 300px\" \/>\t<\/a>\n\n\t<div class=\"hover-mask\">\n\t\t<h3 class=\"product-title\"><a href=\"https:\/\/dreamcolorsworld.com\/index.php\/produit\/luxury-white-strass-bikini\/\">Luxury White Strass Bikini<\/a><\/h3>\t\t\n\t\t\t\t\n\t\t\n\t<span class=\"price\"><span class=\"woocommerce-Price-amount amount\"><bdi><span class=\"woocommerce-Price-currencySymbol\">&#36;<\/span>45.00<\/bdi><\/span><\/span>\n\n\t\t\t\t<div class=\"product-actions\">\n\t\t\t<a href=\"\/index.php\/wp-json\/wp\/v2\/product\/58?add-to-cart=58\" aria-describedby=\"woocommerce_loop_add_to_cart_link_describedby_58\" data-quantity=\"1\" class=\"button product_type_simple add_to_cart_button ajax_add_to_cart\" data-product_id=\"58\" data-product_sku=\"\" aria-label=\"Ajouter au panier\u00a0: &ldquo;Luxury White Strass Bikini&rdquo;\" rel=\"nofollow\" data-success_message=\"\u00ab\u00a0Luxury White Strass Bikini\u00a0\u00bb a \u00e9t\u00e9 ajout\u00e9 \u00e0 votre panier\" role=\"button\">Ajouter au panier<\/a>\t<span id=\"woocommerce_loop_add_to_cart_link_describedby_58\" class=\"screen-reader-text\">\n\t\t\t<\/span>\n\t\t<\/div>\n\t<\/div> \n\t<div class=\"basel-buttons\">\n\t\t\t\t\t<div class=\"basel-wishlist-btn\">\n\t\t\t\t<a class=\"button basel-tooltip\" href=\"https:\/\/dreamcolorsworld.com\/index.php\/wishlist\/\" data-key=\"99b40937e9\" data-product-id=\"58\" data-added-text=\"Browse Wishlist\">Add to wishlist<\/a>\n\t\t\t<\/div>\n\t\t\t\t<div class=\"basel-compare-btn product-compare-button\"><a class=\"button\" href=\"https:\/\/dreamcolorsworld.com\/index.php\/compare\/\" data-added-text=\"Compare products\" data-id=\"58\">Compare<\/a><\/div>\t\t\t\t\t<div class=\"quick-view\">\n\t\t\t\t<a \n\t\t\t\t\thref=\"https:\/\/dreamcolorsworld.com\/index.php\/produit\/luxury-white-strass-bikini\/\" \n\t\t\t\t\tclass=\"open-quick-view quick-view-button\"\n\t\t\t\t\tdata-id=\"58\">Quick View<\/a>\n\t\t\t<\/div>\n\t\t\t<\/div>\n<\/div>\n\t<\/div>\n\t\t\t\t\t\n\t\t\t\t<\/div>\n\t\t\t<\/div>\n\t\t\n\t\t\t\t\t<\/div> <!-- end product-items -->\n\t\t\t\t<\/div> <!-- end #carousel-253 -->\n\n\t\t\t[\/vc_column][\/vc_row]<\/p>\n<\/section>","protected":false},"excerpt":{"rendered":"<p>Integer nostra dis urna blandit interdum ultrices curabitur nisl ridiculus a adipiscing gravida et condimentum est in ad eu vivamus potenti consequat facilisis dapibus cras elit nam hendrerit adipiscing.<\/p>\n","protected":false},"featured_media":1577,"comment_status":"open","ping_status":"closed","template":"","meta":[],"product_brand":[],"product_cat":[27],"product_tag":[],"class_list":{"0":"post-58","1":"product","2":"type-product","3":"status-publish","4":"has-post-thumbnail","6":"product_cat-accessories","8":"first","9":"instock","10":"shipping-taxable","11":"purchasable","12":"product-type-simple"},"_links":{"self":[{"href":"https:\/\/dreamcolorsworld.com\/index.php\/wp-json\/wp\/v2\/product\/58","targetHints":{"allow":["GET"]}}],"collection":[{"href":"https:\/\/dreamcolorsworld.com\/index.php\/wp-json\/wp\/v2\/product"}],"about":[{"href":"https:\/\/dreamcolorsworld.com\/index.php\/wp-json\/wp\/v2\/types\/product"}],"replies":[{"embeddable":true,"href":"https:\/\/dreamcolorsworld.com\/index.php\/wp-json\/wp\/v2\/comments?post=58"}],"wp:featuredmedia":[{"embeddable":true,"href":"https:\/\/dreamcolorsworld.com\/index.php\/wp-json\/wp\/v2\/media\/1577"}],"wp:attachment":[{"href":"https:\/\/dreamcolorsworld.com\/index.php\/wp-json\/wp\/v2\/media?parent=58"}],"wp:term":[{"taxonomy":"product_brand","embeddable":true,"href":"https:\/\/dreamcolorsworld.com\/index.php\/wp-json\/wp\/v2\/product_brand?post=58"},{"taxonomy":"product_cat","embeddable":true,"href":"https:\/\/dreamcolorsworld.com\/index.php\/wp-json\/wp\/v2\/product_cat?post=58"},{"taxonomy":"product_tag","embeddable":true,"href":"https:\/\/dreamcolorsworld.com\/index.php\/wp-json\/wp\/v2\/product_tag?post=58"}],"curies":[{"name":"wp","href":"https:\/\/api.w.org\/{rel}","templated":true}]}}